) be the second derivative of 0 + 5/6*f**4 + 1/3*f**3 + 1/2*f**2 + 5*f. Give q(-1).
9
Let n = 35 + -32. Let o(r) = -6*r + 18*r + 3 - n. Suppose 5*d - 6 = -1. Give o(d).
12
Suppose -387*g = -380*g - 21. Let j(x) be the third derivative of 1/24*x**4 + 0 + 6*x**2 + 0*x**g + 0*x. What is j(3)?
3
Let b(n) be the second derivative of -n**4/12 - 5*n**3/3 + 59*n**2/2 + 27*n. Give b(-14).
3
Let b(u) = -13*u**2 + 9*u + 103. Let r(v) = 3*v**2 - 2*v - 26. Let i(f) = -2*b(f) - 9*r(f). Give i(0).
28
Let x(i) = -16*i**2 - 28*i**2 + i**3 + 55*i**2 + 5. Determine x(-11).
5
Let l(s) = s**2 + 2*s + 1. Let f = -559 - -558. Give l(f).
0
Let w(p) = 3*p + 2 - 4 + 4. Let a(t) = -t**2 + 2*t + 10. Let l be a(4). Let b be (-18)/3 + 1 + l. Determine w(b).
-7
Let h(j) = -3*j. Suppose -x - 3 = -2*w, -2*w = -3*w + 5*x + 24. What is h(w)?
3
Let o(c) = 4*c + 5. Let a be (44/(-66))/(1/3). Let q be 3 + (0 - -1) + a. Suppose -k = -2*p - 9, k + 5 + 2 = -q*p. Determine o(p).
-11
Let c(y) = -23*y**3 + y**2 - 5*y - 50. Let d(p) = 10*p**3 - p**2 + 2*p + 23. Let o(l) = 3*c(l) + 7*d(l). Give o(3).
-1
Let s(f) be the second derivative of -f**4/2 - f**3/2 - f**2/2 - 178*f. Calculate s(-2).
-19
Suppose -1 = -5*j - 11. Let v(i) be the third derivative of i**4/12 - i**3/6 - 11*i**2. Calculate v(j).
-5
Let c(x) = 0*x**2 + 9 - 13 - 5*x**2 + 3*x**2 - 4*x. What is c(-3)?
-10
Let h(c) = 1 - c - 1. Let v(u) = 13 + 13*u - 27*u - 7*u**2 - u**3 + 24*u. Let n be v(-8). Calculate h(n).
3
Let m be 256/(-44) - 4/22. Let j(f) = -f**3 - 5*f**2 + 6*f - 5. What is j(m)?
-5
Let v be 4/(-8)*(0 + 0). Suppose 3*y - 2*y - 9 = v. Let x = 15 - y. Let a(u) = u - 3. Determine a(x).
3
Let o(d) = 45*d + 50*d + 1 - 94*d. Let a be o(7). Let r(z) = -z - 5. What is r(a)?
-13
Let i(o) be the third derivative of o**4/3 + o**3/6 - 31*o**2. What is i(4)?
33
Let s = 0 + -5. Let p = -1 + s. Let o(l) = 2*l**2 + 2*l. Let j(i) = -7*i**2 - 10*i - 1. Let q(n) = j(n) + 3*o(n). What is q(p)?
-13
Let o(z) = 11*z**3 - 11*z**2 - 17*z - 4. Let s(w) = 13*w**3 - 11*w**2 - 18*w - 4. Let k(q) = 6*o(q) - 5*s(q). Determine k(12).
-4
Let m(w) be the third derivative of -w**7/5040 - w**6/360 - 13*w**5/60 + 7*w**2. Let y(q) be the third derivative of m(q). Calculate y(-5).
3
Suppose -22 + 2 = -5*d. Suppose -2*i + 6 = 0, -4*w - 6 = d*i - 26. Let p be 0 - 3/(5 - w). Let z(q) = -4*q**3 - q**2 + 1. Determine z(p).
4
Let f(j) be the third derivative of -j**4/8 + j**3/3 + 3*j**2. Let t be (-2)/(-4) - (1 + (-69)/6). Let k = t + -8. What is f(k)?
-7
Let p(s) be the second derivative of 5*s**3/3 + 9*s**2/2 + 25*s. Let g(a) = 3*a + 3. Let l(z) = 14*g(z) - 4*p(z). What is l(-5)?
-4
Let a(c) = c**3 + 7*c**2 - 7*c + 5. Suppose 6 = 3*y - s - 3, 2*y - 6 = -s. Suppose -15 + 39 = -y*r. Calculate a(r).
-3
Let i(x) = x**2 + 6*x. Let t be ((-17)/(-4) - 7) + 6/8. Let n be (-1)/(((-6)/15)/t). Calculate i(n).
-5
Let w(h) be the third derivative of -9*h**2 + 0*h + 5/24*h**4 - 1/6*h**3 + 0. Determine w(-2).
-11
Let h(s) = -434*s + 445*s + 1 - 6 - s**2. Give h(8).
19
Let y(q) = 2*q**2. Let o(b) be the third derivative of 3*b**2 - 1/120*b**6 - 2*b**3 - 1/5*b**5 + 0 + 1/2*b**4 + 0*b. Let u be o(-13). Determine y(u).
2
Let w(f) = f**2 + 320*f - 635. Let r be w(2). Let v(g) = -g**2 + 6*g + 5*g - 8 - 2*g. Give v(r).
-8
Let i(a) = a + 7. Let v(b) = -13*b - 38. Let g(r) = 5*i(r) + v(r). What is g(6)?
-51
Let l(r) = -2*r**3 + 3*r**2 + 9*r - 9. Let j(q) = 3*q**3 - 7*q**2 - 17*q + 18. Let k(i) = -3*j(i) - 5*l(i). What is k(-4)?
-1
Let w(g) be the third derivative of -g**4/24 + 4*g**3/3 + 11*g**2. Let q be w(6). Let o(s) = 2*s**2 - 2*s**2 - 4 + q*s**2 - s**2. What is o(-3)?
5
Let c(k) = -3*k + 2. Suppose 3*a + 287 - 20 = 0. Let p = -94 - a. Give c(p).
17
Let h(b) = -b**3 + 7*b**2 + 10*b - 11. Let g be h(8). Let a(y) = -y + 6 - g + 3. Let u(q) = -5*q + 127. Let j be u(24). Calculate a(j).
-3
Let o(d) be the second derivative of d**4/12 + 2*d**3/3 + d**2/2 - d. Let b(s) be the first derivative of o(s). Suppose -3*q + 0 = 18. Give b(q).
-8
Let d(p) = p + 0 + 9 + 0. Let q(s) = 1. Let l(t) = -d(t) + 5*q(t). Suppose 13*y - 20*y = 0. What is l(y)?
-4
Let b(a) be the second derivative of -1/12*a**4 + 13*a + 1/2*a**2 - 1/6*a**3 + 0. Determine b(0).
1
Let l(n) = 8 - 5*n**2 + 2 - n**3 - 1 + 6*n. Suppose c + c = -5*u + 72, 5*c + u = 134. Suppose -2*p + 8 = -3*a - 0*p, 4*p = -a - c. Calculate l(a).
9
Suppose 2*n - 20 = -3*n. Suppose n*k - 4*u - 4 = 0, k + k = -u + 17. Let i(o) = -o**2 + 6*o - 6. What is i(k)?
-6
Let x(y) = y**2 - 8*y - 9. Suppose -70*d + 63*d = -49. Give x(d).
-16
Let v = -17 + 21. Let k be (-2)/v + (-9)/18. Let f(d) = 4*d**2 + 2*d + 1. Determine f(k).
3
Let q(j) = j + 4. Suppose 48 = -4*l + 168. Suppose 0*i - l = 5*i. Calculate q(i).
-2
Suppose 0 = -26*j - 22 - 108. Let u(g) = 3*g**2 + 7*g + 7. What is u(j)?
47
Let j(k) = -k**3 - 9*k**2 + 12*k + 20. Let y be j(-10). Suppose -t + 11 - 9 = y. Let u(w) = -2*w**2 + w. What is u(t)?
-6
Let j(k) = -2*k - 11. Suppose -410 = 2*c - 12*c. Let z = 32 - c. Determine j(z).
7
Let z(b) = b**3 + 5*b**2 - 7*b - 4. Let n(k) = -k**2 - 5*k. Let c be n(-6). Let u be z(c). Let f(m) = 0*m + u*m + 12 - 19 + 1. What is f(6)?
6
Let f(g) = g + 1. Let k(n) = 0*n - n**2 + 4*n**2 + n - n**2. Let a be k(-2). Let x = a - 6. Give f(x).
1
Let l be (-14)/6 + 4/(-6). Let n(a) = 10*a**2 + 4*a - 12. Let c(u) = 3*u**2 + u - 4. Let h(r) = 7*c(r) - 2*n(r). Determine h(l).
8
Let a(q) = 93*q**2 + 17*q + 20. Let b(g) = -32*g**2 - 6*g - 7. Let k(h) = 6*a(h) + 17*b(h). Calculate k(-1).
15
Let t(m) = -3*m**2 - 8*m - 4. Let j(h) = 4*h**2 + 9*h + 5. Suppose -a + 2*a = 4. Let g(u) = a*j(u) + 5*t(u). What is g(3)?
-3
Let u(f) = 2*f**2 - 1550*f**3 - 7 + 1551*f**3 - f + 3*f**2. Determine u(-5).
-2
Let m(x) be the first derivative of -x**2/2 + 14*x + 45. Give m(10).
4
Let w(g) = -2*g**2. Let l = 132 - 90. Suppose l*r - 43*r = -1. Determine w(r).
-2
Let h(p) = p**3 - 9*p**2 - p + 2. Let f(w) = 10*w + 9. Let u be f(-5). Let c = -32 - u. Calculate h(c).
-7
Suppose w = 2 - 4. Let l be (25/15)/(w/6). Let t(g) = g + 5. What is t(l)?
0
Let o(n) = -n**2 + 19*n - 25. Let u be (-114)/15*(-5)/2. Calculate o(u).
-25
Let c(p) = p. Let v(w) = -4*w - 1. Let q(h) = 7*c(h) + 2*v(h). Let m = -46 + 49. Suppose m*k = 7 + 11. Calculate q(k).
-8
Suppose n - 2*n = 4, -5*n = 2*p + 10. Let d(s) = 4 - p + s**2 + 0 + 3. Determine d(-2).
6
Let j(t) be the first derivative of 7*t**2/2 - t + 58. Suppose -d - 1 = -3*z - 8, 4*d + z - 2 = 0. Give j(d).
6
Let i(q) be the first derivative of -q**4/4 - q**3/3 + 3*q**2 + q + 82. Determine i(-4).
25
Let p(d) = -d + 10. Let y be p(11). Let m be (-3 + 3 + y)*-3. Let q(a) = -4*a**3 - m + 4*a**3 + 5*a - a**3 - 3*a**2 + 0*a**3. Determine q(-4).
-7
Let k(b) = -3*b + 16. Suppose -76*j + 70 = -66*j. Calculate k(j).
-5
Let z(c) = -4*c**2 - 2*c**2 - c**3 - 4*c - c + 1 - 2. Let n(y) be the first derivative of -2*y**3 + y - 3. Let b be n(-1). Calculate z(b).
-1
Let b(a) = -4*a + 1. Let k = -106 - -110. Calculate b(k).
-15
Let w(n) = -2*n**2 + 18*n + 1. Let s(l) = -l**2 + 15*l - 6. Let t(h) = h - 1. Let d(c) = -s(c) + 6*t(c). Let i(f) = -5*d(f) - 2*w(f). Determine i(9).
-2
Let u(c) = 4*c + 1. Suppose 5*w - 16 = -26. Give u(w).
-7
Let o be (-4)/(-10) + (-66)/(-10). Let k(c) = 17 - 38 + 20. Let x(d) = d + 1. Let s(p) = -2*k(p) + x(p). Give s(o).
10
Let l(y) = 3*y**3 + 2*y**2 - 2*y - 1. Let j(k) = -7*k - 114. Let u be j(-16). What is l(u)?
-13
Let w = -238 - -241. Let x(g) = -g**3 - g + 4*g**2 - 2*g**2 - 1 + 2*g**3 - 3*g**2. Determine x(w).
14
Suppose 835 = -79*s - 88*s. Let x(n) = -3 - 2 + 2 + 5*n + n**2. Determine x(s).
-3
Let n(r) = -5*r + 7. Let a(x) = -6*x + 9. Let b(l) = 3*a(l) - 4*n(l). Determine b(6).
11
Let m(t) = -3*t**2 + 8*t + 9. Let w(l) = 2*l**2 - 4*l - 5. Let x(d) = 3*m(d) + 5*w(d). Let c = -161 + 159. What is x(c)?
-2
Let i(w) be the first derivative of -w**4/2 + 4*w**3 + 13*w**2/2 - 13*w + 15. Let y(n) = n**3 - 6*n**2 - 6*n + 6. Let h(a) = 4*i(a) + 9*y(a). Give h(6).
-10
Let l(h) = h + 5. Let z be l(-5). Suppose z = 2*r + 2, -2*r + 0 - 4 = -y. Let j(n) = 9*n + 11*n**2 + 9*n**y - 12*n**2 + 5 + n**3. Determine j(-7).
-9
Suppose s = 5*s + 56. Let j = -6 - s. Let t(i) = -j + 5 + 2*i - 5 + 4. What is t(-3)?
-10
Let y(h) = h**2 + 48*h + 293. Let p be y(-41). Let x(c) =